te w(q).
4
Let x = -2222 + 2231. Let j(t) = -4*t + 14. Determine j(x).
-22
Let s be (-2 + (-32)/12)*(-414)/322. Let a(l) = -l**3 + 39*l - 8. Give a(s).
10
Let g(m) = 6*m - 6. Let y = 541 + -523. Let p be y/(-15)*(-2 - (0 - -3)). Give g(p).
30
Let q(d) = 3*d + 10*d - 5*d + 13*d - 11*d + 2*d**3 + 25 - 25*d**2. Give q(12).
1
Let o(h) be the second derivative of 35 + h**2 - 1/12*h**4 + 2*h - 13/6*h**3. What is o(-9)?
38
Let y(x) = -3*x - 6. Let t(n) be the second derivative of n**4/12 - 5*n**3/6 - 5*n**2/2 + 19*n - 3. Let g be t(5). Determine y(g).
9
Let n(r) = -r - 44*r - 16 + 17*r + 10*r. Calculate n(5).
-106
Suppose 0 = 80*b + 37 + 443. Let y(d) = 11*d + 2. Determine y(b).
-64
Let l(v) be the third derivative of v**5/60 + 5*v**4/12 + 17*v**3/6 - 1418*v**2. Give l(-6).
-7
Let u(l) be the second derivative of l**5/20 - l**4/4 - 8*l**3/3 - 81*l**2/2 - l - 9129. What is u(7)?
3
Let c = 38 + -31. Let n(x) = -8 + c*x + 3 + 8 - 1. Give n(-1).
-5
Let y(n) = n**2 + 2*n + 3. Let m(v) = v**3 - 10*v**2 + 9*v + 2. Let o be m(9). Suppose -9*s + 4*s - 4*t - 28 = 0, -4 = 2*s - o*t. Calculate y(s).
11
Let z(q) = 5*q - 398. Let j(y) = -2*y + 235. Let g(f) = 7*j(f) + 4*z(f). Determine g(-10).
-7
Let o be 5/(2/(-2)) - (3 - 8). Let v(w) = 14*w - 8. Give v(o).
-8
Let g(z) be the first derivative of 19*z**5/20 + z**4/12 - z**2/2 + 78*z - 216. Let s(v) be the first derivative of g(v). Give s(-1).
-19
Suppose 3*o - 11 = 16. Let w(b) = 0 + 2 - 5 - 5*b**2 - o*b. Let c be w(-2). Let p(i) = i**2 + 6*i + 4. Calculate p(c).
-1
Suppose 2*y = 2*d, 5*d - 95*y - 54 = -99*y. Let p(a) = a - 10. Calculate p(d).
-4
Suppose 123 - 379 = -64*u. Let l(q) be the third derivative of 0*q + 1/6*q**u + 6*q**2 + 0*q**3 + 0 - 1/60*q**5. Calculate l(3).
3
Let c(d) = 49*d**2 - 22*d**2 - 28*d**2 - 6 - 1 - 10*d - 2. Let a = -3 - 6. Give c(a).
0
Suppose -3 = -4*j + 4*a + 1, -3*j + 7 = -5*a. Let i(o) = 26*o**2 + 2. Let h be i(j). Let x(b) = -4 + 12*b - h*b + 6 + 14*b. Calculate x(3).
-4
Let b(t) = -t**3 - 25*t**2 - 82*t + 45. Let i be b(-21). Let l(k) = -7*k + 30*k**2 + k**i + 20*k**2 - 43*k**2 + 9. Calculate l(-8).
1
Let z(q) be the second derivative of q**5/10 + q**4/6 + q**3/2 - 4*q. Suppose 2*n = 5*p - 34, 0 = -3*p - 4*n - 8 + 44. Let o be (9/(-12))/(3/p). Calculate z(o).
-14
Let g(f) = f**3 - f**2 - f - 3. Suppose 27 + 5 = 8*r. Suppose 1 = -r*n + 4*z + 9, 4*z = -5*n + 19. Determine g(n).
12
Let u(r) = 2*r**2 + 3*r - 4*r - 3*r**2 + 2. Suppose -5*c = -2*j + 30, 6*j + 17 = -4*c + 31. What is u(c)?
-10
Let i(c) be the second derivative of 1/6*c**3 + 7*c**2 - c + 5/4*c**4 + 34 + 1/20*c**5. What is i(-15)?
-1
Let g(m) = m**2 - 9*m - 20. Let h be (-4)/(-3) + 100/(-125) + (-561)/(-45). Give g(h).
32
Suppose 2*u - 5*p = -7, 6*u - 5*p + 11 = 5*u. Suppose -j - 16 = -2*d, u*j + 69 = -3*d + 93. Let w(g) = -2*g + 17. Give w(d).
1
Let v = 439 - 323. Suppose f + v = 113. Let y(u) = -u**3 - 3*u**2 + 2*u - 4. Give y(f).
-10
Let m(y) = y**3 - 3*y**2 - 5*y + 6. Suppose 0 = 13*l + 174 + 112. Let g be (4 + -5)/(-3 + l/(-8)). Calculate m(g).
2
Let k(m) = 11*m + 101. Let a be (23/(-230) - 19/10) + -7. Calculate k(a).
2
Suppose 3*y - 7*y - 5*n + 23 = 0, -5*y + 4 = -2*n. Let p(b) = 8*b**y + 166*b**3 - 165*b**3 + 35 - 26 + 7*b - 3*b**2. What is p(-4)?
-3
Let f(u) = 104*u + 508. Let c(m) = 70*m + 333. Let l(o) = 8*c(o) - 5*f(o). Calculate l(-3).
4
Let y(b) = -14789 - 3*b**3 + 7399 + 7389 + 3*b**3 + 3*b**2 - 2*b - 2*b**3. Let d = 3 + -1. Calculate y(d).
-9
Let s = 3250 - 3238. Let w(u) = -u**3 + 13*u**2 - 16*u + 42. What is w(s)?
-6
Suppose -4*t = -9*t - 30. Let g(q) = -q**2 - 10*q - 19. Let n be g(-7). Let s(y) = 3 - 2*y**2 + 9*y + 5*y**2 + 0*y**2 - y**n. Give s(t).
21
Let m(f) = 2*f**2 + 36*f - 3. Suppose 11*n - 20*n = -34*n - 400. Give m(n).
-67
Let c(t) = t**2 - 8*t - 8. Let j be ((-12)/(-42))/((-1)/(-7)). Let q(o) = -21*o + 23 + 3*o + j + o**2. Let f be q(17). Determine c(f).
-8
Let r(h) = -h**2 - h. Let z(g) = -4*g**2 - 16*g + 14. Let n(j) = 5*r(j) - z(j). Let f(m) = m**2 + 58*m - 20465. Let x be f(117). Determine n(x).
-4
Let j(u) be the second derivative of -1/2*u**2 + 0 - 1/2*u**3 - 126*u - 1/6*u**4. Let h = -4 - -2. Determine j(h).
-3
Let a(d) = 5*d**3 - 5*d**2 + 10*d + 7. Let p(b) = -4*b**3 + 5*b**2 - 9*b - 5. Let r = 940 + -945. Let h(x) = r*a(x) - 6*p(x). Determine h(-6).
7
Let r(t) be the first derivative of -t**4/4 - 2*t**3 - 17*t**2/2 + 8357. Give r(-5).
60
Let q(k) = k**2 - 3*k - 11. Suppose -54*p - 348 = 33*p. Give q(p).
17
Let n(y) be the second derivative of y**4/12 + 5*y**3/6 - 38*y**2 + 4480*y. What is n(-12)?
8
Suppose -4*a - 4 = -12, 4*n + 5*a = 50. Let z(m) = -m**2 + 11*m - 21. Give z(n).
-11
Let q(v) = 23*v**2 + 2*v + 2. Let u be q(-2). Let p(x) = -80*x - 70. Let k be p(-2). Let b = u - k. Let f(a) = -a - 14. Determine f(b).
-14
Let z(j) be the third derivative of -j**5/30 + 11*j**4/24 - 93*j**2 - 14. Calculate z(5).
5
Let k(c) = -3*c**2 - 36*c - 14. Let m be k(-11). Let w(u) = -m + 40 + u**3 - 7 + 12*u**2 + u. Determine w(-12).
2
Let f(m) = -55*m + 24. Let s(h) = -71*h + 26. Let w(y) = -5*f(y) + 4*s(y). Determine w(-4).
20
Let w(x) = -5*x**2 - 23*x + 26. Suppose -2916 = 618*o + 792. What is w(o)?
-16
Let g(m) = m**3 - 6*m**2 + 7*m + 5. Suppose 259*f - 210*f = 196. Calculate g(f).
1
Suppose 18*g - 22*g = -24. Let d(b) = 5*b**2 - 25*b - 15. Let p(o) = -6*o**2 + 31*o + 16. Let i(z) = 7*d(z) + 6*p(z). Calculate i(g).
21
Let c(b) be the second derivative of 1/2*b**2 + 35*b - 1/2*b**4 + 1/20*b**5 + 1 - 5/3*b**3. What is c(7)?
-20
Let a(n) be the second derivative of n**4/24 - n**3/6 + 30*n**2 - 16*n + 2. Let s(g) be the first derivative of a(g). Suppose -8*f = -3*f + 5. Determine s(f).
-2
Let y(s) = 4*s - 7. Let g be 3/6*(-17 + 9) - 1. Calculate y(g).
-27
Let c(f) = -2*f**2 - 21*f - 22. Let z be 7/(-1) + 11/((-99)/81) - -6. Give c(z).
-12
Let x = 37 - 27. Suppose -x = -26*r + 21*r. Let a(b) = 4*b**2 + 1 - b**r - 2*b + b**3 - 2*b + b. Determine a(-4).
-3
Suppose 0 = 350*s - 352*s + 4. Let b(l) = -l**3 - l**2 - 2*l. Let t(j) = -3*j**3 - j**2 - 4*j - 1. Let u(w) = 5*b(w) - 2*t(w). Determine u(s).
-6
Let q(t) = -t**2 + t - 5. Let o(u) be the second derivative of u**5/20 - 49*u**4/12 - 25*u**3/3 - 9*u + 1. Let h be o(50). Give q(h).
-5
Let v be (0 - 1)/(6/(-12)). Suppose 16 = 4*y, -v*b - y = -6*b + 8. Let u(j) = 6 - 33 + b + 2*j + j**2 - j. Calculate u(0).
-24
Let l(v) = v**2 + 21*v + 50. Let j = 23048 + -23070. Determine l(j).
72
Let n(j) = -2*j**2 + 21*j + 6. Let k(t) = t**3 + 5*t**2 - 5. Let h be k(-4). Let y be n(h). Let r(q) = q - 4. Determine r(y).
-9
Let i(b) = 37 - 8*b + 16 - 47. Let g(y) = y - 1. Let v(j) = -30*g(j) - 5*i(j). What is v(-1)?
-10
Let c = -1749 + 1742. Let u(q) = -q**3 - 7*q**2 + q + 10. Determine u(c).
3
Let y(t) be the first derivative of -t**3/3 + t**2/2 - 13*t + 678. Calculate y(0).
-13
Let o be 3/(6 - ((-8)/16 - -6)). Let w(v) = v - 9 + 4*v + 0. Calculate w(o).
21
Let d(y) = -14*y**3 - 33*y**2 - 5*y + 18. Let n(s) = -23*s**3 - 57*s**2 - 10*s + 37. Let f(m) = -5*d(m) + 3*n(m). Determine f(7).
35
Let n(p) = -59*p + 607. Let l(c) = -19*c + 203. Let y(q) = -8*l(q) + 3*n(q). Give y(8).
-3
Let a = -1 - -5. Suppose a = -p + 11. Let j(u) = -13*u + 5*u + p*u + 1. Calculate j(4).
-3
Let u = -153 - -158. Let i(d) = -2*d - 3. Let m(w) = -3*w - 9. Let b(h) = -5*i(h) + 3*m(h). Give b(u).
-7
Let f be 0/((-9)/((-27)/6)). Suppose 4*s = s - 5*h - 8, s + 5*h + 6 = f. Let o(q) = -6*q - 1. Let t(i) = 12*i + 2. Let m(g) = -5*o(g) - 2*t(g). Determine m(s).
-5
Let c = -11875 + 11871. Let o(h) = -47*h - 63. What is o(c)?
125
Let m(w) = w**3 - 5*w**2 + w - 3. Let s be m(5). Let v(d) = 6*d**2 + 67*d + 1. Let x(u) = 14*u**2 + 168*u + 2. Let p(h) = 5*v(h) - 2*x(h). What is p(s)?
7
Let s(a) be the second derivative of a**6/360 - a**5/15 - 11*a**4/24 - 7*a**3/2 - a**2/2 + 196*a. Let l(w) be the second derivative of s(w). Determine l(9).
-2
Let u(v) be the third derivative of -v**4/12 + 31*v**3/6 - 528*v**2. Give u(16).
-1
Let o(a) be the third derivative of -3*a**5/20 - 89*a**4/24 + a**3/3 + 653*a**2 + a. What is o(-10)?
-8
Let f(o) = -7*o**3 - 8*o**2 - 7*o + 14. Let v(l) = 10*l**3 + 13*l**2 + 10*l - 16. Let r(p) = 7*f(p) + 5*v(p). What is r(-9)?
9
Suppose -5*f - 4*j - 10 = 0, -1 - 2 = -2*f - 3*j. Let k b